4)/12. Let w = k + -1355. Is w composite?
False
Suppose -472*g + 811628 = -468*g. Is g a prime number?
True
Suppose 1079*v - 971*v = 2248668. Is v a composite number?
True
Let q = 47217 - -2632. Is q composite?
True
Suppose -1024572 = 2151*c - 2163*c. Is c a prime number?
True
Suppose -12*k - k - 17511 = 0. Is (-5 - -1)*(k/4 - -2) a composite number?
True
Suppose -5*t + 4*o = -5366499, -4*o = -123*t + 124*t - 1073295. Is t a prime number?
False
Let c(n) = 2*n**3 + 3*n**2 - n + 36. Let s be c(6). Let j = s - -471. Is j composite?
True
Suppose -3*q + 2*l + 61 = 5, 4*l - 20 = 0. Suppose -5*x = -2*d + 15707, -q*d = -21*d + x - 7864. Is d composite?
True
Let g(m) = -191*m + 59951. Is g(0) a prime number?
True
Let y(i) = 8424*i**2 - 226*i - 935. Is y(-4) a composite number?
False
Let a(w) = w**3 - 17*w**2 + 15*w + 26. Let b be a(16). Let l(y) be the third derivative of 3*y**4/8 - 8*y**3/3 + 3*y**2. Is l(b) a prime number?
False
Suppose -6*v = 5*s - 8*v - 1775, -3*s - 4*v = -1065. Suppose 186 = -y + 3*d, 0 = -5*y - 4*d + 86 - 940. Let h = s - y. Is h a composite number?
True
Let b be (0 + -4 - -3)/((-5)/(-185)). Let r = b + 11. Let u(f) = f**3 + 27*f**2 + 21*f - 59. Is u(r) a composite number?
False
Let m(p) = 2*p**3 - 10*p**2 + p + 16. Let c be m(7). Let x = c + 81. Suppose -1783 = -3*v + 2*d - x, -4 = 2*d. Is v a prime number?
False
Let a = 1924 + -522. Let s = 1482 - 658. Suppose -s - a = -6*l. Is l a composite number?
True
Let d(c) = 32*c**2 - 2*c + 2. Let y be d(4). Let p = y - 7. Let f = -264 + p. Is f a prime number?
False
Suppose 0 = -q + 2*u - 19 - 8, -12 = 3*u. Let n(j) = -303*j + 184. Is n(q) composite?
False
Is 1437274627/855 - (215/225 + -1) a composite number?
True
Let m(b) be the third derivative of -9*b**6/4 - b**5/60 - b**4/6 - 5*b**3/6 + 42*b**2 + 2. Is m(-2) prime?
False
Let t(z) be the first derivative of z**4/4 + 9*z**3 + 4*z**2 + 21*z - 7. Is t(-20) composite?
True
Let h be 46629/108 + (-2)/(-8). Let a be 766 + -29 - (-4)/2. Let v = a - h. Is v a prime number?
True
Suppose -8*o + 93 = -27. Let s = o + -10. Let z(v) = 6*v**3 - 4*v**2 - 14*v + 9. Is z(s) a composite number?
True
Suppose 74*a - 1129640 = 675294. Is a prime?
True
Suppose -186*a + 129*a = -15407043. Is a composite?
False
Suppose -5 + 19 = z + 5*q, 3*z = 5*q + 2. Suppose 7*s - 7155 = 6*s + 4*t, t = -z*s + 28603. Is s a composite number?
False
Let x(y) = -405*y + 76. Let r(j) = 2023*j - 379. Let a(g) = -2*r(g) - 11*x(g). Is a(11) prime?
True
Suppose 5*j - 3*k - 5362697 = 0, -122*k - 2145066 = -2*j - 124*k. Is j a composite number?
False
Suppose 13*i - 8*i - 6200 = 0. Suppose -5*j = -0*j + i. Let t = 1851 - j. Is t composite?
False
Let g(w) = -w**2 - w - 25. Let z be g(0). Let v(i) = 16*i**2 - 93*i - 48. Is v(z) composite?
False
Let i = -149655 - -311774. Is i a composite number?
False
Suppose -4*w + 11 = c, 2*c - 7*c = 2*w - 73. Suppose -c*t - 46302 = -21*t. Is t a composite number?
False
Suppose -26*g = -454077 - 71009 + 21388. Is g composite?
False
Let t(l) = l**3 - 18*l**2 - 18*l - 17. Let d be t(19). Let m(v) = 2 - 7*v - 7*v**2 + 16*v + 18*v**d - 3*v. Is m(5) prime?
True
Let g = 374683 + -67674. Is g composite?
False
Let z(x) = -11*x + 1. Let i be z(0). Is 1902 - (-7)/(-14)*(1 + i) composite?
False
Let m(n) = -5*n - 10. Let a be m(-4). Suppose 57 = a*q + 17. Suppose 10*o - 5*o = 4*t - 3140, q*t - 3140 = -2*o. Is t a composite number?
True
Suppose 440 - 1703 = -3*f. Suppose -l - 155 = -f. Suppose -8*r + 1006 + l = 0. Is r composite?
True
Let s = 54747 - 30548. Is s a composite number?
True
Let k(z) = 97*z**2 + 2*z - 1. Let b(w) = w**3 - 5*w**2 + 2*w - 10. Let p be b(5). Let r be (-5 - 3)/2 - p. Is k(r) a composite number?
False
Suppose -6*w + 2*w = 20, 2*w - 120 = -5*x. Let d(m) = -22*m - x*m + 0 + 8 + 3. Is d(-9) composite?
False
Suppose -25 = -5*y, -3*x + 42*y + 304876 = 41*y. Is x prime?
True
Let a(l) = -2*l**2 - 9*l - 6. Let u be a(-4). Let c be (-28)/14 + u/(-2) + 0. Is c + 4 + 910 - 0 a prime number?
False
Suppose -4*q + z = -1329, 1304 = 5*q + 4*z - 331. Let w = q + 168. Is w prime?
True
Let j(s) = 16*s**2 + 7*s - 3. Let h be j(-6). Suppose 7*c - 3667 = -h. Let y = c + -319. Is y prime?
False
Let t = -27 - -29. Let y be -1 + 0/t + 5 + 1. Is 0 - -3708 - (y/1 + -6) composite?
False
Let x be (31 - 2) + (0 - 2). Suppose -x*a - 390 = -33*a. Suppose 2*u + o - 2*o - 26 = 0, 5*u + 4*o = a. Is u composite?
False
Suppose 2*u - 119741 = 5*f, -f = 3*u - 44467 - 135187. Is u a composite number?
True
Suppose 0 = 2*x + 2*x - 12. Let z(a) = -23*a + 23. Let b be z(-3). Suppose -x*f = -266 + b. Is f composite?
True
Suppose 0*h + 4*h - 20 = 0. Suppose -h*f - 546 = -11801. Is f prime?
True
Let t be (12/(-6))/(2/(-883)). Suppose -2*c + g + t = 0, -c + 240 + 189 = 2*g. Is c prime?
True
Let j(z) = -513*z + 967. Is j(-48) a prime number?
False
Let d be 12/234*13 + 466/(-6). Is ((-1)/6)/(d/11759286) a prime number?
True
Let r be (-2)/(4*(-1)/(-32)). Let h = r + 22. Suppose h*a = a + 9205. Is a prime?
False
Suppose 0 = -9*d + 58 + 5. Suppose d*w = 4*w + 12. Suppose w*l - l = 13641. Is l a prime number?
True
Let q be (-15)/1*(-6)/10. Is (0 + 1)/(q/34623) a composite number?
False
Suppose 0 = -22*g - 16458 + 241650. Suppose -5230 = -22*v + g. Is v composite?
True
Let m = 571 + -530. Suppose -6215 = -5*g + 5*v, -3*g - 2*v + 3663 = -m. Is g a composite number?
True
Suppose 4*h - 39051282 = -10*h + 82136596. Is h a composite number?
True
Suppose -15*o + 12*o + 2372077 = t, -5*o + 4*t + 3953473 = 0. Is o a prime number?
True
Let h(n) = n**3 + 12*n**2 + 35*n + 8. Let d be h(-5). Suppose 2*p - 12343 = -3*q, -d*p + 11*p = -q + 4105. Is q a prime number?
False
Let b be 58/261*27 - 6/(-2). Let o(l) = 2 + 7*l**3 + l + 15*l**2 - 5*l**2 + 9*l. Is o(b) prime?
False
Let y = -219 + 221. Is y - (3 - 4) - (-20744 - 2) prime?
True
Let q = 99 + -95. Suppose -q*p = -7*p + 2973. Is p a composite number?
False
Suppose -5*r + 352*p + 681975 = 354*p, 409199 = 3*r + 4*p. Is r a prime number?
True
Let o = 690 + -688. Let u(p) = 224*p**3 - 4*p**2 + p - 1. Is u(o) a composite number?
False
Let b(p) = -1131*p**3 - 21*p**2 - 6*p - 23. Is b(-5) composite?
True
Let z(d) = -2*d**3 - 5*d**2 + 3*d + 1. Let r(n) = n**2 - 9*n - 45. Let f be r(12). Is z(f) a composite number?
True
Let d be 53/9 + (20 - 1790/90). Let t = -378 - -61. Let y = d - t. Is y a composite number?
True
Suppose 2*i - 2*z - 12 = 0, 3*i = -3*z - 0*z + 6. Suppose 7561 = s + 4*s - i*x, -4*s + 6056 = 4*x. Is s a prime number?
False
Suppose 328 + 8 = -16*i. Let g = 1880 - i. Is g composite?
False
Let o = 67583 + -43660. Is o composite?
True
Let v(w) = -127*w**3 + w**2 + 17*w - 38. Is v(-3) a prime number?
False
Let o(m) = -333*m - 148. Let a(v) = v + 1. Let u(d) = -148*a(d) - o(d). Let k be u(1). Let b = k - 58. Is b prime?
True
Let x = 662876 + -456585. Is x a composite number?
False
Suppose -2*r = 52736 - 128679 - 95671. Is r a prime number?
False
Let c(w) = -345*w - 170. Let u(h) = -1039*h - 510. Let i(y) = -17*c(y) + 6*u(y). Is i(-9) prime?
False
Let o = 50 - 46. Suppose 5*s - s - r = 931, -o*s + 946 = 2*r. Let w = 665 - s. Is w a prime number?
True
Suppose 0 = 4*h + 2*t - 209948, -2*t + 5*t = t. Is h prime?
False
Let a(l) = 2158*l**3 - 21*l**2 - 8*l - 15. Is a(11) composite?
True
Suppose 32*v - 639248 = 246416. Suppose 5*q + 4*c - v = 0, 24*c = 4*q + 25*c - 22135. Is q a composite number?
True
Suppose w + s + 1401 = 0, 4*s + 3415 = -3*w - 785. Let l = 2183 + w. Is l composite?
True
Suppose -4*b - 17 - 5 = k, 0 = -4*b - 16. Is (-3)/6 + (-4 - 46317/k) prime?
False
Suppose 5*z - z = -2*z. Suppose z = 2*u - 10 + 2. Is (u - 65/15)*-237 composite?
False
Let n = -13 - -18. Let d = -3580 + 3576. Is (822/n)/(d/(-10)) a prime number?
False
Suppose 4*u - 3*u - 10013 = 3*j, 20066 = 2*u + 4*j. Suppose -3592 = -3*f - o + 2423, 5*f - u = 4*o. Is f a prime number?
False
Let x(g) = 4547*g - 5. Let d be x(1). Suppose 2*m = -148 + d. Suppose y - 3*s = -s + 749, 3*y = -4*s + m. Is y a composite number?
False
Let r = -267433 + 449532. Is r composite?
False
Let f(a) = 68*a + 5. Let x be f(3). Let d(c) = 216*c**2 + c + 545*c**2 - x*c**2. Is d(-1) a composite number?
True
Is (8/16)/((-733706)/(-1711948) - (-60)/(-140)) prime?
True
Let f = -25 - -6. Let x = f - -24. Suppo